{"id":26,"date":"2018-03-19T20:50:37","date_gmt":"2018-03-19T19:50:37","guid":{"rendered":"http:\/\/carolin-sommer.de\/?page_id=26"},"modified":"2026-04-17T11:37:49","modified_gmt":"2026-04-17T09:37:49","slug":"impressum","status":"publish","type":"page","link":"https:\/\/www.carolin-sommer.com\/?page_id=26","title":{"rendered":"Impressum"},"content":{"rendered":"<div class=\"page\" title=\"Page 2\">\n<div class=\"section\">\n<div class=\"layoutArea\">\n<div class=\"column\">\n<h4 data-start=\"452\" data-end=\"477\"><strong data-start=\"452\" data-end=\"477\">Angaben gem\u00e4\u00df \u00a7 5 DDG<\/strong><\/h4>\n<p data-start=\"479\" data-end=\"536\">Carolin Sommer<br data-start=\"493\" data-end=\"496\" \/>Am Wiesengrund 26<br data-start=\"513\" data-end=\"516\" \/>91592 Buch a. Wald<\/p>\n<h4 data-start=\"538\" data-end=\"549\">Kontakt<\/h4>\n<p data-start=\"551\" data-end=\"585\">E-Mail: hallo@carolin-sommer.com<\/p>\n<hr data-start=\"587\" data-end=\"590\" \/>\n<h4 data-start=\"592\" data-end=\"647\"><strong data-start=\"592\" data-end=\"647\">Verantwortlich f\u00fcr den Inhalt nach \u00a7 18 Abs. 2 MStV<\/strong><\/h4>\n<p data-start=\"649\" data-end=\"706\">Carolin Sommer<br data-start=\"663\" data-end=\"666\" \/>Am Wiesengrund 26<br data-start=\"683\" data-end=\"686\" \/>91592 Buch a. Wald<\/p>\n<hr data-start=\"708\" data-end=\"711\" \/>\n<h4 data-start=\"713\" data-end=\"729\"><strong data-start=\"713\" data-end=\"729\">Bildnachweis<\/strong><\/h4>\n<p data-start=\"731\" data-end=\"815\">Verwendete Bilder stammen \u2013 sofern nicht anders gekennzeichnet \u2013 von <a href=\"https:\/\/slphotodesign.com\/\" target=\"_blank\" rel=\"noopener\">Sammy Loveless<\/a>.<\/p>\n<hr data-start=\"817\" data-end=\"820\" \/>\n<h4 data-start=\"822\" data-end=\"882\"><strong data-start=\"822\" data-end=\"882\">Verbraucherstreitbeilegung \/ Universalschlichtungsstelle<\/strong><\/h4>\n<p data-start=\"884\" data-end=\"1013\">Wir sind zur Teilnahme an einem Streitbeilegungsverfahren vor einer Verbraucherschlichtungsstelle weder verpflichtet noch bereit.<\/p>\n<hr data-start=\"1015\" data-end=\"1018\" \/>\n<h4 data-start=\"1020\" data-end=\"1043\"><strong data-start=\"1020\" data-end=\"1043\">Haftung f\u00fcr Inhalte<\/strong><\/h4>\n<p data-start=\"1045\" data-end=\"1172\">Als Diensteanbieter sind wir gem\u00e4\u00df \u00a7 5 DDG f\u00fcr eigene Inhalte auf diesen Seiten nach den allgemeinen Gesetzen verantwortlich.<\/p>\n<p data-start=\"1174\" data-end=\"1378\">Als Diensteanbieter sind wir jedoch nicht verpflichtet, \u00fcbermittelte oder gespeicherte fremde Informationen zu \u00fcberwachen oder nach Umst\u00e4nden zu forschen, die auf eine rechtswidrige T\u00e4tigkeit hinweisen.<\/p>\n<p data-start=\"1380\" data-end=\"1628\">Verpflichtungen zur Entfernung oder Sperrung der Nutzung von Informationen nach den allgemeinen Gesetzen bleiben hiervon unber\u00fchrt. Eine entsprechende Haftung ist jedoch erst ab dem Zeitpunkt der Kenntnis einer konkreten Rechtsverletzung m\u00f6glich.<\/p>\n<p data-start=\"1630\" data-end=\"1730\">Bei Bekanntwerden von entsprechenden Rechtsverletzungen werden wir diese Inhalte umgehend entfernen.<\/p>\n<hr data-start=\"1732\" data-end=\"1735\" \/>\n<h4 data-start=\"1737\" data-end=\"1758\"><strong data-start=\"1737\" data-end=\"1758\">Haftung f\u00fcr Links<\/strong><\/h4>\n<p data-start=\"1760\" data-end=\"1939\">Unser Angebot enth\u00e4lt Links zu externen Websites Dritter, auf deren Inhalte wir keinen Einfluss haben. Deshalb k\u00f6nnen wir f\u00fcr diese fremden Inhalte auch keine Gew\u00e4hr \u00fcbernehmen.<\/p>\n<p data-start=\"1941\" data-end=\"2055\">F\u00fcr die Inhalte der verlinkten Seiten ist stets der jeweilige Anbieter oder Betreiber der Seiten verantwortlich.<\/p>\n<p data-start=\"2057\" data-end=\"2144\">Bei Bekanntwerden von Rechtsverletzungen werden wir derartige Links umgehend entfernen.<\/p>\n<hr data-start=\"2146\" data-end=\"2149\" \/>\n<h4 data-start=\"2151\" data-end=\"2167\"><strong data-start=\"2151\" data-end=\"2167\">Urheberrecht<\/strong><\/h4>\n<p data-start=\"2169\" data-end=\"2287\">Die durch die Seitenbetreiber erstellten Inhalte und Werke auf diesen Seiten unterliegen dem deutschen Urheberrecht.<\/p>\n<p data-start=\"2289\" data-end=\"2483\">Die Vervielf\u00e4ltigung, Bearbeitung, Verbreitung und jede Art der Verwertung au\u00dferhalb der Grenzen des Urheberrechtes bed\u00fcrfen der schriftlichen Zustimmung des jeweiligen Autors bzw. Erstellers.<\/p>\n<p data-start=\"2485\" data-end=\"2587\">Downloads und Kopien dieser Seite sind nur f\u00fcr den privaten, nicht kommerziellen Gebrauch gestattet.<\/p>\n<p data-start=\"2589\" data-end=\"2706\">Soweit die Inhalte auf dieser Seite nicht vom Betreiber erstellt wurden, werden die Urheberrechte Dritter beachtet.<\/p>\n<p data-start=\"2708\" data-end=\"2914\">Sollten Sie trotzdem auf eine Urheberrechtsverletzung aufmerksam werden, bitten wir um einen entsprechenden Hinweis. Bei Bekanntwerden von Rechtsverletzungen werden wir derartige Inhalte umgehend entfernen.<\/p>\n<\/div>\n<\/div>\n<\/div>\n<\/div>\n<div class=\"page\" title=\"Page 3\">\n<div class=\"section\">\n<div class=\"layoutArea\">\n<div class=\"column\">\n<\/div>\n<\/div>\n<\/div>\n<\/div>\n","protected":false},"excerpt":{"rendered":"<p>Angaben gem\u00e4\u00df \u00a7 5 DDG Carolin SommerAm Wiesengrund 2691592 Buch a. Wald Kontakt E-Mail: hallo@carolin-sommer.com Verantwortlich f\u00fcr den Inhalt nach \u00a7 18 Abs. 2 MStV Carolin SommerAm Wiesengrund 2691592 Buch a. Wald Bildnachweis Verwendete Bilder stammen \u2013 sofern nicht anders gekennzeichnet \u2013 von Sammy Loveless. Verbraucherstreitbeilegung \/ Universalschlichtungsstelle Wir sind zur Teilnahme an einem Streitbeilegungsverfahren vor einer Verbraucherschlichtungsstelle weder verpflichtet noch bereit. Haftung f\u00fcr Inhalte Als Diensteanbieter sind wir gem\u00e4\u00df \u00a7 5 DDG f\u00fcr eigene Inhalte auf diesen Seiten nach den allgemeinen Gesetzen verantwortlich. Als Diensteanbieter sind wir jedoch nicht verpflichtet, \u00fcbermittelte oder gespeicherte fremde Informationen zu \u00fcberwachen oder nach Umst\u00e4nden zu forschen, die auf eine rechtswidrige T\u00e4tigkeit hinweisen. Verpflichtungen zur Entfernung oder Sperrung der Nutzung von Informationen nach den allgemeinen Gesetzen bleiben hiervon unber\u00fchrt. Eine entsprechende Haftung ist jedoch erst ab dem Zeitpunkt der Kenntnis einer konkreten Rechtsverletzung m\u00f6glich. Bei Bekanntwerden von entsprechenden Rechtsverletzungen werden wir diese Inhalte umgehend entfernen. Haftung f\u00fcr Links Unser Angebot enth\u00e4lt Links zu externen Websites Dritter, auf deren Inhalte wir keinen Einfluss haben. Deshalb k\u00f6nnen wir f\u00fcr diese fremden Inhalte auch keine Gew\u00e4hr \u00fcbernehmen. F\u00fcr die Inhalte der verlinkten Seiten ist stets der jeweilige Anbieter oder Betreiber der Seiten verantwortlich. Bei Bekanntwerden von Rechtsverletzungen werden wir derartige Links umgehend entfernen. Urheberrecht Die durch die Seitenbetreiber erstellten Inhalte und Werke auf diesen Seiten unterliegen dem deutschen Urheberrecht. Die Vervielf\u00e4ltigung, Bearbeitung, Verbreitung und jede Art der Verwertung au\u00dferhalb der Grenzen des Urheberrechtes bed\u00fcrfen der schriftlichen Zustimmung des jeweiligen Autors bzw. Erstellers. Downloads und Kopien dieser Seite sind nur f\u00fcr den privaten, nicht kommerziellen Gebrauch gestattet. Soweit die Inhalte auf dieser Seite nicht vom Betreiber erstellt wurden, werden die Urheberrechte Dritter beachtet. Sollten Sie trotzdem auf eine Urheberrechtsverletzung aufmerksam werden, bitten wir um einen entsprechenden Hinweis. Bei Bekanntwerden von Rechtsverletzungen werden wir derartige Inhalte umgehend entfernen.<\/p>\n","protected":false},"author":1,"featured_media":0,"parent":0,"menu_order":0,"comment_status":"closed","ping_status":"closed","template":"","meta":{"_monsterinsights_skip_tracking":false,"_monsterinsights_sitenote_active":false,"_monsterinsights_sitenote_note":"","_monsterinsights_sitenote_category":0,"footnotes":""},"class_list":["post-26","page","type-page","status-publish","hentry"],"yoast_head":"<!-- This site is optimized with the Yoast SEO plugin v27.5 - https:\/\/yoast.com\/product\/yoast-seo-wordpress\/ -->\n<title>Impressum - Carolin Sommer<\/title>\n<meta name=\"robots\" content=\"index, follow, max-snippet:-1, max-image-preview:large, max-video-preview:-1\" \/>\n<link rel=\"canonical\" href=\"https:\/\/www.carolin-sommer.com\/?page_id=26\" \/>\n<meta property=\"og:locale\" content=\"de_DE\" \/>\n<meta property=\"og:type\" content=\"article\" \/>\n<meta property=\"og:title\" content=\"Impressum - Carolin Sommer\" \/>\n<meta property=\"og:description\" content=\"Angaben gem\u00e4\u00df \u00a7 5 DDG Carolin SommerAm Wiesengrund 2691592 Buch a. Wald Kontakt E-Mail: hallo@carolin-sommer.com Verantwortlich f\u00fcr den Inhalt nach \u00a7 18 Abs. 2 MStV Carolin SommerAm Wiesengrund 2691592 Buch a. Wald Bildnachweis Verwendete Bilder stammen \u2013 sofern nicht anders gekennzeichnet \u2013 von Sammy Loveless. Verbraucherstreitbeilegung \/ Universalschlichtungsstelle Wir sind zur Teilnahme an einem Streitbeilegungsverfahren vor einer Verbraucherschlichtungsstelle weder verpflichtet noch bereit. Haftung f\u00fcr Inhalte Als Diensteanbieter sind wir gem\u00e4\u00df \u00a7 5 DDG f\u00fcr eigene Inhalte auf diesen Seiten nach den allgemeinen Gesetzen verantwortlich. Als Diensteanbieter sind wir jedoch nicht verpflichtet, \u00fcbermittelte oder gespeicherte fremde Informationen zu \u00fcberwachen oder nach Umst\u00e4nden zu forschen, die auf eine rechtswidrige T\u00e4tigkeit hinweisen. Verpflichtungen zur Entfernung oder Sperrung der Nutzung von Informationen nach den allgemeinen Gesetzen bleiben hiervon unber\u00fchrt. Eine entsprechende Haftung ist jedoch erst ab dem Zeitpunkt der Kenntnis einer konkreten Rechtsverletzung m\u00f6glich. Bei Bekanntwerden von entsprechenden Rechtsverletzungen werden wir diese Inhalte umgehend entfernen. Haftung f\u00fcr Links Unser Angebot enth\u00e4lt Links zu externen Websites Dritter, auf deren Inhalte wir keinen Einfluss haben. Deshalb k\u00f6nnen wir f\u00fcr diese fremden Inhalte auch keine Gew\u00e4hr \u00fcbernehmen. F\u00fcr die Inhalte der verlinkten Seiten ist stets der jeweilige Anbieter oder Betreiber der Seiten verantwortlich. Bei Bekanntwerden von Rechtsverletzungen werden wir derartige Links umgehend entfernen. Urheberrecht Die durch die Seitenbetreiber erstellten Inhalte und Werke auf diesen Seiten unterliegen dem deutschen Urheberrecht. Die Vervielf\u00e4ltigung, Bearbeitung, Verbreitung und jede Art der Verwertung au\u00dferhalb der Grenzen des Urheberrechtes bed\u00fcrfen der schriftlichen Zustimmung des jeweiligen Autors bzw. Erstellers. Downloads und Kopien dieser Seite sind nur f\u00fcr den privaten, nicht kommerziellen Gebrauch gestattet. Soweit die Inhalte auf dieser Seite nicht vom Betreiber erstellt wurden, werden die Urheberrechte Dritter beachtet. Sollten Sie trotzdem auf eine Urheberrechtsverletzung aufmerksam werden, bitten wir um einen entsprechenden Hinweis. Bei Bekanntwerden von Rechtsverletzungen werden wir derartige Inhalte umgehend entfernen.\" \/>\n<meta property=\"og:url\" content=\"https:\/\/www.carolin-sommer.com\/?page_id=26\" \/>\n<meta property=\"og:site_name\" content=\"Carolin Sommer\" \/>\n<meta property=\"article:publisher\" content=\"https:\/\/www.facebook.com\/CarolinSommerAkademieCoaching\" \/>\n<meta property=\"article:modified_time\" content=\"2026-04-17T09:37:49+00:00\" \/>\n<meta name=\"twitter:card\" content=\"summary_large_image\" \/>\n<meta name=\"twitter:label1\" content=\"Gesch\u00e4tzte Lesezeit\" \/>\n\t<meta name=\"twitter:data1\" content=\"2\u00a0Minuten\" \/>\n<script type=\"application\/ld+json\" class=\"yoast-schema-graph\">{\"@context\":\"https:\\\/\\\/schema.org\",\"@graph\":[{\"@type\":\"WebPage\",\"@id\":\"https:\\\/\\\/www.carolin-sommer.com\\\/?page_id=26\",\"url\":\"https:\\\/\\\/www.carolin-sommer.com\\\/?page_id=26\",\"name\":\"Impressum - Carolin Sommer\",\"isPartOf\":{\"@id\":\"https:\\\/\\\/www.carolin-sommer.com\\\/#website\"},\"datePublished\":\"2018-03-19T19:50:37+00:00\",\"dateModified\":\"2026-04-17T09:37:49+00:00\",\"breadcrumb\":{\"@id\":\"https:\\\/\\\/www.carolin-sommer.com\\\/?page_id=26#breadcrumb\"},\"inLanguage\":\"de\",\"potentialAction\":[{\"@type\":\"ReadAction\",\"target\":[\"https:\\\/\\\/www.carolin-sommer.com\\\/?page_id=26\"]}]},{\"@type\":\"BreadcrumbList\",\"@id\":\"https:\\\/\\\/www.carolin-sommer.com\\\/?page_id=26#breadcrumb\",\"itemListElement\":[{\"@type\":\"ListItem\",\"position\":1,\"name\":\"Startseite\",\"item\":\"https:\\\/\\\/www.carolin-sommer.com\\\/\"},{\"@type\":\"ListItem\",\"position\":2,\"name\":\"Impressum\"}]},{\"@type\":\"WebSite\",\"@id\":\"https:\\\/\\\/www.carolin-sommer.com\\\/#website\",\"url\":\"https:\\\/\\\/www.carolin-sommer.com\\\/\",\"name\":\"Carolin Sommer\",\"description\":\"Spiritualit\u00e4t, die ins Jetzt passt.\",\"publisher\":{\"@id\":\"https:\\\/\\\/www.carolin-sommer.com\\\/#\\\/schema\\\/person\\\/30ee9c98eb9f7a5dea6c83ee04f3e849\"},\"potentialAction\":[{\"@type\":\"SearchAction\",\"target\":{\"@type\":\"EntryPoint\",\"urlTemplate\":\"https:\\\/\\\/www.carolin-sommer.com\\\/?s={search_term_string}\"},\"query-input\":{\"@type\":\"PropertyValueSpecification\",\"valueRequired\":true,\"valueName\":\"search_term_string\"}}],\"inLanguage\":\"de\"},{\"@type\":[\"Person\",\"Organization\"],\"@id\":\"https:\\\/\\\/www.carolin-sommer.com\\\/#\\\/schema\\\/person\\\/30ee9c98eb9f7a5dea6c83ee04f3e849\",\"name\":\"Carolin Sommer\",\"image\":{\"@type\":\"ImageObject\",\"inLanguage\":\"de\",\"@id\":\"https:\\\/\\\/www.carolin-sommer.com\\\/wp-content\\\/uploads\\\/2020\\\/09\\\/Foto-am-01.09.20-um-14.48-3.jpg\",\"url\":\"https:\\\/\\\/www.carolin-sommer.com\\\/wp-content\\\/uploads\\\/2020\\\/09\\\/Foto-am-01.09.20-um-14.48-3.jpg\",\"contentUrl\":\"https:\\\/\\\/www.carolin-sommer.com\\\/wp-content\\\/uploads\\\/2020\\\/09\\\/Foto-am-01.09.20-um-14.48-3.jpg\",\"width\":1080,\"height\":720,\"caption\":\"Carolin Sommer\"},\"logo\":{\"@id\":\"https:\\\/\\\/www.carolin-sommer.com\\\/wp-content\\\/uploads\\\/2020\\\/09\\\/Foto-am-01.09.20-um-14.48-3.jpg\"},\"sameAs\":[\"https:\\\/\\\/www.carolin-sommer.com\\\/\",\"https:\\\/\\\/www.facebook.com\\\/CarolinSommerAkademieCoaching\",\"https:\\\/\\\/www.instagram.com\\\/carolin_sommer_\\\/?hl=de\",\"https:\\\/\\\/www.youtube.com\\\/channel\\\/UCP_Wv_TzxjhdpC-0NoDmJ1A\"]}]}<\/script>\n<!-- \/ Yoast SEO plugin. -->","yoast_head_json":{"title":"Impressum - Carolin Sommer","robots":{"index":"index","follow":"follow","max-snippet":"max-snippet:-1","max-image-preview":"max-image-preview:large","max-video-preview":"max-video-preview:-1"},"canonical":"https:\/\/www.carolin-sommer.com\/?page_id=26","og_locale":"de_DE","og_type":"article","og_title":"Impressum - Carolin Sommer","og_description":"Angaben gem\u00e4\u00df \u00a7 5 DDG Carolin SommerAm Wiesengrund 2691592 Buch a. Wald Kontakt E-Mail: hallo@carolin-sommer.com Verantwortlich f\u00fcr den Inhalt nach \u00a7 18 Abs. 2 MStV Carolin SommerAm Wiesengrund 2691592 Buch a. Wald Bildnachweis Verwendete Bilder stammen \u2013 sofern nicht anders gekennzeichnet \u2013 von Sammy Loveless. Verbraucherstreitbeilegung \/ Universalschlichtungsstelle Wir sind zur Teilnahme an einem Streitbeilegungsverfahren vor einer Verbraucherschlichtungsstelle weder verpflichtet noch bereit. Haftung f\u00fcr Inhalte Als Diensteanbieter sind wir gem\u00e4\u00df \u00a7 5 DDG f\u00fcr eigene Inhalte auf diesen Seiten nach den allgemeinen Gesetzen verantwortlich. Als Diensteanbieter sind wir jedoch nicht verpflichtet, \u00fcbermittelte oder gespeicherte fremde Informationen zu \u00fcberwachen oder nach Umst\u00e4nden zu forschen, die auf eine rechtswidrige T\u00e4tigkeit hinweisen. Verpflichtungen zur Entfernung oder Sperrung der Nutzung von Informationen nach den allgemeinen Gesetzen bleiben hiervon unber\u00fchrt. Eine entsprechende Haftung ist jedoch erst ab dem Zeitpunkt der Kenntnis einer konkreten Rechtsverletzung m\u00f6glich. Bei Bekanntwerden von entsprechenden Rechtsverletzungen werden wir diese Inhalte umgehend entfernen. Haftung f\u00fcr Links Unser Angebot enth\u00e4lt Links zu externen Websites Dritter, auf deren Inhalte wir keinen Einfluss haben. Deshalb k\u00f6nnen wir f\u00fcr diese fremden Inhalte auch keine Gew\u00e4hr \u00fcbernehmen. F\u00fcr die Inhalte der verlinkten Seiten ist stets der jeweilige Anbieter oder Betreiber der Seiten verantwortlich. Bei Bekanntwerden von Rechtsverletzungen werden wir derartige Links umgehend entfernen. Urheberrecht Die durch die Seitenbetreiber erstellten Inhalte und Werke auf diesen Seiten unterliegen dem deutschen Urheberrecht. Die Vervielf\u00e4ltigung, Bearbeitung, Verbreitung und jede Art der Verwertung au\u00dferhalb der Grenzen des Urheberrechtes bed\u00fcrfen der schriftlichen Zustimmung des jeweiligen Autors bzw. Erstellers. Downloads und Kopien dieser Seite sind nur f\u00fcr den privaten, nicht kommerziellen Gebrauch gestattet. Soweit die Inhalte auf dieser Seite nicht vom Betreiber erstellt wurden, werden die Urheberrechte Dritter beachtet. Sollten Sie trotzdem auf eine Urheberrechtsverletzung aufmerksam werden, bitten wir um einen entsprechenden Hinweis. Bei Bekanntwerden von Rechtsverletzungen werden wir derartige Inhalte umgehend entfernen.","og_url":"https:\/\/www.carolin-sommer.com\/?page_id=26","og_site_name":"Carolin Sommer","article_publisher":"https:\/\/www.facebook.com\/CarolinSommerAkademieCoaching","article_modified_time":"2026-04-17T09:37:49+00:00","twitter_card":"summary_large_image","twitter_misc":{"Gesch\u00e4tzte Lesezeit":"2\u00a0Minuten"},"schema":{"@context":"https:\/\/schema.org","@graph":[{"@type":"WebPage","@id":"https:\/\/www.carolin-sommer.com\/?page_id=26","url":"https:\/\/www.carolin-sommer.com\/?page_id=26","name":"Impressum - Carolin Sommer","isPartOf":{"@id":"https:\/\/www.carolin-sommer.com\/#website"},"datePublished":"2018-03-19T19:50:37+00:00","dateModified":"2026-04-17T09:37:49+00:00","breadcrumb":{"@id":"https:\/\/www.carolin-sommer.com\/?page_id=26#breadcrumb"},"inLanguage":"de","potentialAction":[{"@type":"ReadAction","target":["https:\/\/www.carolin-sommer.com\/?page_id=26"]}]},{"@type":"BreadcrumbList","@id":"https:\/\/www.carolin-sommer.com\/?page_id=26#breadcrumb","itemListElement":[{"@type":"ListItem","position":1,"name":"Startseite","item":"https:\/\/www.carolin-sommer.com\/"},{"@type":"ListItem","position":2,"name":"Impressum"}]},{"@type":"WebSite","@id":"https:\/\/www.carolin-sommer.com\/#website","url":"https:\/\/www.carolin-sommer.com\/","name":"Carolin Sommer","description":"Spiritualit\u00e4t, die ins Jetzt passt.","publisher":{"@id":"https:\/\/www.carolin-sommer.com\/#\/schema\/person\/30ee9c98eb9f7a5dea6c83ee04f3e849"},"potentialAction":[{"@type":"SearchAction","target":{"@type":"EntryPoint","urlTemplate":"https:\/\/www.carolin-sommer.com\/?s={search_term_string}"},"query-input":{"@type":"PropertyValueSpecification","valueRequired":true,"valueName":"search_term_string"}}],"inLanguage":"de"},{"@type":["Person","Organization"],"@id":"https:\/\/www.carolin-sommer.com\/#\/schema\/person\/30ee9c98eb9f7a5dea6c83ee04f3e849","name":"Carolin Sommer","image":{"@type":"ImageObject","inLanguage":"de","@id":"https:\/\/www.carolin-sommer.com\/wp-content\/uploads\/2020\/09\/Foto-am-01.09.20-um-14.48-3.jpg","url":"https:\/\/www.carolin-sommer.com\/wp-content\/uploads\/2020\/09\/Foto-am-01.09.20-um-14.48-3.jpg","contentUrl":"https:\/\/www.carolin-sommer.com\/wp-content\/uploads\/2020\/09\/Foto-am-01.09.20-um-14.48-3.jpg","width":1080,"height":720,"caption":"Carolin Sommer"},"logo":{"@id":"https:\/\/www.carolin-sommer.com\/wp-content\/uploads\/2020\/09\/Foto-am-01.09.20-um-14.48-3.jpg"},"sameAs":["https:\/\/www.carolin-sommer.com\/","https:\/\/www.facebook.com\/CarolinSommerAkademieCoaching","https:\/\/www.instagram.com\/carolin_sommer_\/?hl=de","https:\/\/www.youtube.com\/channel\/UCP_Wv_TzxjhdpC-0NoDmJ1A"]}]}},"_links":{"self":[{"href":"https:\/\/www.carolin-sommer.com\/index.php?rest_route=\/wp\/v2\/pages\/26","targetHints":{"allow":["GET"]}}],"collection":[{"href":"https:\/\/www.carolin-sommer.com\/index.php?rest_route=\/wp\/v2\/pages"}],"about":[{"href":"https:\/\/www.carolin-sommer.com\/index.php?rest_route=\/wp\/v2\/types\/page"}],"author":[{"embeddable":true,"href":"https:\/\/www.carolin-sommer.com\/index.php?rest_route=\/wp\/v2\/users\/1"}],"replies":[{"embeddable":true,"href":"https:\/\/www.carolin-sommer.com\/index.php?rest_route=%2Fwp%2Fv2%2Fcomments&post=26"}],"version-history":[{"count":35,"href":"https:\/\/www.carolin-sommer.com\/index.php?rest_route=\/wp\/v2\/pages\/26\/revisions"}],"predecessor-version":[{"id":4528,"href":"https:\/\/www.carolin-sommer.com\/index.php?rest_route=\/wp\/v2\/pages\/26\/revisions\/4528"}],"wp:attachment":[{"href":"https:\/\/www.carolin-sommer.com\/index.php?rest_route=%2Fwp%2Fv2%2Fmedia&parent=26"}],"curies":[{"name":"wp","href":"https:\/\/api.w.org\/{rel}","templated":true}]}}